8
What is the hundreds digit of 20251?
2
What is the thousands digit of 14835?
4
What is the units digit of 1090?
0
What is the tens digit of 1885?
8
What is the tens digit of 58045?
4
What is the hundreds digit of 8909?
9
What is the hundreds digit of 589?
5
What is the units digit of 173?
3
What is the thousands digit of 2845?
2
What is the units digit of 1810?
0
What is the hundreds digit of 7278?
2
What is the hundreds digit of 918?
9
What is the hundreds digit of 12589?
5
What is the hundreds digit of 1379?
3
What is the tens digit of 85?
8
What is the hundreds digit of 376?
3
What is the tens digit of 57017?
1
What is the hundreds digit of 2530?
5
What is the hundreds digit of 1241?
2
What is the thousands digit of 12761?
2
What is the hundreds digit of 18090?
0
What is the ten thousands digit of 15318?
1
What is the hundreds digit of 468?
4
What is the ten thousands digit of 33288?
3
What is the tens digit of 675?
7
What is the hundreds digit of 29670?
6
What is the thousands digit of 1379?
1
What is the ten thousands digit of 85941?
8
What is the tens digit of 2611?
1
What is the tens digit of 6886?
8
What is the units digit of 190?
0
What is the tens digit of 357?
5
What is the units digit of 4028?
8
What is the hundreds digit of 1131?
1
What is the thousands digit of 17722?
7
What is the tens digit of 7021?
2
What is the ten thousands digit of 38430?
3
What is the units digit of 5413?
3
What is the tens digit of 35043?
4
What is the thousands digit of 1637?
1
What is the thousands digit of 5494?
5
What is the tens digit of 9756?
5
What is the units digit of 1029?
9
What is the units digit of 395?
5
What is the ten thousands digit of 56113?
5
What is the hundreds digit of 41724?
7
What is the thousands digit of 1554?
1
What is the units digit of 1072?
2
What is the hundreds digit of 5963?
9
What is the hundreds digit of 64517?
5
What is the tens digit of 5905?
0
What is the units digit of 40767?
7
What is the hundreds digit of 2052?
0
What is the units digit of 268?
8
What is the units digit of 7945?
5
What is the ten thousands digit of 85670?
8
What is the tens digit of 4466?
6
What is the hundreds digit of 128762?
7
What is the thousands digit of 2408?
2
What is the thousands digit of 159577?
9
What is the units digit of 11953?
3
What is the thousands digit of 3403?
3
What is the ten thousands digit of 13320?
1
What is the units digit of 4629?
9
What is the thousands digit of 53412?
3
What is the ten thousands digit of 39069?
3
What is the units digit of 1354?
4
What is the thousands digit of 2122?
2
What is the hundreds digit of 487?
4
What is the units digit of 63412?
2
What is the ten thousands digit of 19864?
1
What is the tens digit of 5336?
3
What is the hundreds digit of 598?
5
What is the hundreds digit of 5689?
6
What is the tens digit of 89409?
0
What is the units digit of 7526?
6
What is the thousands digit of 37742?
7
What is the ten thousands digit of 18201?
1
What is the hundreds digit of 5073?
0
What is the ten thousands digit of 32771?
3
What is the units digit of 791?
1
What is the units digit of 1670?
0
What is the tens digit of 5851?
5
What is the ten thousands digit of 20483?
2
What is the hundreds digit of 12606?
6
What is the tens digit of 131441?
4
What is the units digit of 8807?
7
What is the hundreds digit of 218?
2
What is the hundreds digit of 483?
4
What is the units digit of 351?
1
What is the ten thousands digit of 39747?
3
What is the tens digit of 4348?
4
What is the tens digit of 3298?
9
What is the thousands digit of 1787?
1
What is the tens digit of 282?
8
What is the hundreds digit of 5958?
9
What is the thousands digit of 14029?
4
What is the thousands digit of 80566?
0
What is the ten thousands digit of 39424?
3
What is the thousands digit of 2005?
2
What is the units digit of 51167?
7
What is the thousands digit of 43960?
3
What is the ten thousands digit of 28291?
2
What is the hundreds digit of 3404?
4
What is the ten thousands digit of 28683?
2
What is the tens digit of 7555?
5
What is the hundreds digit of 6285?
2
What is the tens digit of 144796?
9
What is the hundreds digit of 2859?
8
What is the tens digit of 116?
1
What is the tens digit of 1392?
9
What is the hundreds digit of 2947?
9
What is the units digit of 24855?
5
What is the tens digit of 97019?
1
What is the hundreds digit of 32724?
7
What is the hundreds digit of 583?
5
What is the hundreds digit of 8565?
5
What is the thousands digit of 69220?
9
What is the tens digit of 924?
2
What is the units digit of 46631?
1
What is the hundreds digit of 18542?
5
What is the units digit of 12745?
5
What is the units digit of 12105?
5
What is the units digit of 3721?
1
What is the hundreds digit of 13581?
5
What is the hundreds digit of 177482?
4
What is the units digit of 57238?
8
What is the hundreds digit of 3060?
0
What is the tens digit of 690?
9
What is the tens digit of 13581?
8
What is the thousands digit of 1787?
1
What is the thousands digit of 16107?
6
What is the units digit of 3339?
9
What is the tens digit of 24272?
7
What is the tens digit of 1014?
1
What is the units digit of 11126?
6
What is the tens digit of 5476?
7
What is the thousands digit of 22257?
2
What is the units digit of 1078?
8
What is the tens digit of 642?
4
What is the tens digit of 176?
7
What is the tens digit of 39915?
1
What is the ten thousands digit of 33965?
3
What is the hundreds digit of 1887?
8
What is the hundreds digit of 123?
1
What is the units digit of 278?
8
What is the hundreds digit of 6762?
7
What is the thousands digit of 1409?
1
What is the units digit of 23005?
5
What is the tens digit of 27796?
9
What is the tens digit of 1178?
7
What is the ten thousands digit of 15307?
1
What is the hundreds digit of 1341?
3
What is the tens digit of 149020?
2
What is the units digit of 7179?
9
What is the units digit of 26777?
7
What is the ten thousands digit of 86474?
8
What is the tens digit of 577?
7
What is the thousands digit of 37671?
7
What is the thousands digit of 75101?
5
What is the units digit of 15902?
2
What is the tens digit of 1000?
0
What is the ten thousands digit of 65304?
6
What is the thousands digit of 6921?
6
What is the thousands digit of 3545?
3
What is the hundreds digit of 1260?
2
What is the units digit of 6085?
5
What is the ten thousands digit of 15736?
1
What is the thousands digit of 6143?
6
What is the hundreds digit of 28486?
4
What is the tens digit of 87736?
3
What is the hundreds digit of 6156?
1
What is the tens digit of 81800?
0
What is the hundreds digit of 2154?
1
What is the units digit of 6256?
6
What is the tens digit of 21716?
1
What is the ten thousands digit of 46334?
4
What is the hundreds digit of 30788?
7
What is the thousands digit of 4839?
4
What is the thousands digit of 11505?
1
What is the tens digit of 1797?
9
What is the tens digit of 11780?
8
What is the hundreds digit of 46448?
4
What is the units digit of 6946?
6
What is the units digit of 6090?
0
What is the tens digit of 3641?
4
What is the units digit of 1618?
8
What is the thousands digit of 2782?
2
What is the units digit of 9672?
2
What is the thousands digit of 4002?
4
What is the hundreds digit of 11872?
8
What is the hundreds digit of 3985?
9
What is the units digit of 927?
7
What is the thousands digit of 14070?
4
What is the thousands digit of 41332?
1
What is the units digit of 6616?
6
What is the thousands digit of 1948?
1
What is the tens digit of 3926?
2
What is the hundreds digit of 1994?
9
What is the tens digit of 6855?
5
What is the units digit of 18846?
6
What is the hundreds digit of 6307?
3
What is the thousands digit of 2954?
2
What is the thousands digit of 50439?
0
What is the units digit of 1537?
7
What is the hundreds digit of 7347?
3
What is the ten thousands digit of 13981?
1
What is the units digit of 9652?
2
What is the hundreds digit of 9722?
7
What is the units digit of 486?
6
What is the tens digit of 25938?
3
What is the ten thousands digit of 10136?
1
What is the units digit of 3637?
7
What is the ten thousands digit of 48358?
4
What is the hundreds digit of 25626?
6
What is the hundreds digit of 1394?
3
What is the units digit of 27904?
4
What is the ten thousands digit of 10558?
1
What is the u